ate the remainder when 131 is divided by s(2).
11
Suppose -5*a + 3 = -47. Suppose 5*l = l - 4*w - 8, 5*w = -a. Suppose 2*b - b - 14 = l. Calculate the remainder when 26 is divided by b.
12
Suppose 11*t = 48 + 271. What is the remainder when 66 is divided by t?
8
Let n(c) = -60*c + 76. Calculate the remainder when n(1) is divided by 13.
3
Let k(d) = -5*d**2 + 0*d**3 - d**3 + 6*d**2. Let i(b) = -2*b**3 - b**2 - 3*b - 1. Let f(l) = -i(l) + 3*k(l). What is the remainder when f(4) is divided by 7?
6
Suppose -5*v - 145 = -10*v. Suppose 2*i + i + 39 = 0. Let d = i - -99. Calculate the remainder when d is divided by v.
28
Suppose o = 3 + 3. Let u = 61 + -61. Suppose u = -5*t + 90. What is the remainder when t is divided by o?
0
Let w be -1*((-20)/(-4) + -3) + 63. Suppose 0 = 8*r - w - 155. Calculate the remainder when 103 is divided by r.
22
Suppose 0 = -3*d + 11 + 34. Let l be 2/12*68 - 2/6. Let x = d - l. What is the remainder when 6 is divided by x?
2
Suppose -4*t - 170 = -202. What is the remainder when 271 is divided by t?
7
Let o(s) = 2*s**3 + 3*s**2 + 13. What is the remainder when o(4) is divided by 90?
9
Suppose -30 = q - 203. Let t = q - 80. Calculate the remainder when t is divided by 32.
29
Let q(v) = v**2 + 47*v - 29. Calculate the remainder when 242 is divided by q(-48).
14
Let n(o) = o**3 - 4*o**2 - 8*o - 3. Let k(p) = -5*p**2 - 73*p + 37. What is the remainder when k(-14) is divided by n(6)?
16
Let l = 1 + 1. Suppose 4*j - 5*b = 45, -l*b + 5*b + 30 = 3*j. Let n(h) = 96*h + 590. What is the remainder when n(-6) is divided by j?
4
Let q = -135 + 154. What is the remainder when 149 is divided by q?
16
Let t(y) = -32*y - 1330. Calculate the remainder when t(-45) is divided by ((-8)/(-10))/((-2)/(-20)).
6
Let s be 3 - 5/((-10)/(-22)). Let q = s - -14. Let m = 16 + -5. What is the remainder when m is divided by q?
5
Let j(b) = 4*b**2 - 2*b. Let q be j(2). Suppose 2*u = 4*o - q, -5*o - u + 6 = u. Let s = -20630 - -20636. What is the remainder when s is divided by o?
0
Let z be (-1)/3 + 5/15. Let k(t) = -t**2 - t - 4. Let i be k(z). Calculate the remainder when 71 is divided by (1 + i)/((-3)/18).
17
Suppose 0 = j + 17118 - 17206. What is the remainder when 362 is divided by j?
10
Suppose -7*q - 22 = -5*k - 3*q, -2*q - 16 = -5*k. Suppose k*j + 3*c = 61, 22 = -5*j - 4*c + 185. Calculate the remainder when j is divided by -4*(1 - (4 + 0)).
11
Let n = 1329 + -821. Suppose -2*b - 3*g = -n, g - 508 = -b - b. What is the remainder when b is divided by 16?
14
Let n(x) = 28*x**2 + 19*x - 86. Calculate the remainder when n(5) is divided by 5.
4
Suppose -142 = -4*m + 554. What is the remainder when m is divided by 36?
30
Let l be (1 + 18/(-4))/((-17)/170). Suppose 34*t - l*t = -11. Let p(k) = 9*k - 6. Calculate the remainder when p(4) is divided by t.
8
What is the remainder when (646/102)/((-2)/(-606)) is divided by 48?
47
Let i = 182 + 17. What is the remainder when i is divided by 41?
35
Suppose -4*c = -c - 9. Suppose -c*u = -5*i - 17, -5*i = 3*u - 3*i + 11. Let z = 10 + u. What is the remainder when 34 is divided by z?
7
Suppose 33*b - 34*b = -1397. What is the remainder when b is divided by 19?
10
Let k(q) = -13*q**2 - 5*q + 16. Let p be k(4). What is the remainder when (-3)/(3/p) + (15 - 11) is divided by 31?
30
Let x = 9 - 14. Let y = 5 - x. Calculate the remainder when 2 - (-35)/1 - -1 is divided by y.
8
Suppose 12*p + 6*i - 186 = 8*p, p - 3*i - 69 = 0. Calculate the remainder when p is divided by 30/(2 + 0) + -1.
12
Suppose 453 = 4*m - 5*w, 109 = 2*m + 2*w - 113. What is the remainder when 124 is divided by m?
12
Let w(q) = q**2 + 2. Calculate the remainder when (-4410)/(-147)*3*(-3)/(-18) is divided by w(-2).
3
Let p(s) = -s**3 - s**2 - 4*s. Suppose -6*r - 6 = -4*r. What is the remainder when p(r) is divided by 11?
8
Let z(y) = 2*y**2 - y + 8. What is the remainder when 124 is divided by z(-5)?
61
Let y(t) = -t**2 + 6*t + 362. Calculate the remainder when 213 is divided by y(-16).
3
Suppose 4*u = -2*m + 140, 5*m - 2*u - 327 + 1 = 0. Calculate the remainder when m is divided by 9.
3
Suppose 0 = -2*c + c - 396. Let n = c + 573. Suppose 3*i + 5*z - n = 2*z, -196 = -4*i + 4*z. Calculate the remainder when i is divided by 14.
12
Let h(n) = 22*n**3 - 4*n**2 + 8*n - 7. What is the remainder when h(3) is divided by 96?
95
Suppose -4*a = v + 10, -4*a - 88 = -3*v - 38. What is the remainder when v is divided by (-1 + 0 - -6) + 1?
4
Let q(f) be the second derivative of f**4/12 + 31*f**3/6 + 8*f**2 - 38*f. Calculate the remainder when 142 is divided by q(-31).
14
Suppose -4456 + 1294 = -34*p. What is the remainder when 395 is divided by p?
23
Let f = 764 - 717. Calculate the remainder when f is divided by 28.
19
Let w(b) = -b**2 - 10*b - 1. Let v be (-4)/((-13)/5 - -3). Let z be w(v). Let f(d) = 4*d**2 + d + 2. What is the remainder when 12 is divided by f(z)?
2
Let y(s) = -s + 33. Let b be y(11). Suppose 3*m - 26 = 5*a - 67, 4*a - b = -3*m. What is the remainder when a is divided by 4?
3
Suppose 326 = 11*r - 70. Let o(f) = -11*f**3 - f**2 - f - 1. What is the remainder when r is divided by o(-1)?
6
Let u(y) = -y**2 - 23*y + 51. Let h = 55 - 76. Suppose -4*k + 106 + 22 = 0. Calculate the remainder when u(h) is divided by k.
29
Suppose 0*o - 112 = -3*p - 2*o, 3*p = -4*o + 116. Let l be (0 - -11)/(1/(-1)). Let i(t) = -t**2 - 14*t - 14. What is the remainder when p is divided by i(l)?
17
Let x = 755 + -729. Let p(n) = n**3 - n**2 + n - 1. Calculate the remainder when x is divided by p(2).
1
Let v(l) = l**3 + l**2 - 7*l + 2. Suppose 7 + 2 = x + j, 3*j = -4*x + 31. Calculate the remainder when v(x) is divided by 11.
10
Let j = 1576 + -1471. Calculate the remainder when j is divided by 43.
19
Let y(u) = -u - 12. Let i = 27 + -25. What is the remainder when y(-15) is divided by i?
1
Let n = -623 - -644. What is the remainder when 460 is divided by n?
19
Let t be (-2)/(-1)*(-19)/(-2). Let f = 27 - t. Let v(l) = l**3 + 20*l**2 - 79*l + 438. Calculate the remainder when v(-24) is divided by f.
6
Let r(s) = s**3 - 7*s**2 - 8*s + 9. Suppose 3*v = -2*g - 96, v - 196 = 4*g + 6*v. Let o = -29 - g. Calculate the remainder when o is divided by r(8).
7
Let h = -379 - -393. Calculate the remainder when 489 is divided by h.
13
Suppose 0 = 2*k + 3*k - 865. Calculate the remainder when k is divided by (6 - 15)/(-9) - (1 - 29).
28
Suppose -5 = -n - 1. Suppose m + 30 = 2*q - 2*m, 0 = m - n. What is the remainder when 146 is divided by q?
20
Suppose -4*r - 6 = 2. Suppose -3*x - 21 = -3*f, -2*x - 2 = 2. What is the remainder when f is divided by 2/(-1)*2/r?
1
Suppose 0 = 2*w - 11 + 27. Let x = 13 + w. Suppose -5*f + 7 = -a, x*a - 4*f = a + 36. Calculate the remainder when 38 is divided by a.
12
Suppose -2*z - t + 35 = 0, 3*t + 4 = z - 3. Calculate the remainder when z is divided by 5.
1
Suppose 2*f + 15 = -2*z - 3, 3*z + 4*f + 29 = 0. Let p = 28 - z. Calculate the remainder when p is divided by 9.
8
Let b(d) = 19*d + 239. What is the remainder when 339 is divided by b(-12)?
9
Suppose 3*l - 23 = -8. Suppose 4*f = -l*b - f + 310, 0 = -4*b + 4*f + 272. What is the remainder when b is divided by 17?
14
Let o = 231 + -157. Suppose 3*k - 9 = 0, 6*m = 4*m - 4*k - 8. Let i(w) = -w**2 - 12*w + 5. What is the remainder when o is divided by i(m)?
24
Let v = -176 + 195. Let a(h) = -15*h - 16. What is the remainder when a(-6) is divided by v?
17
Let u = 66 + -6. What is the remainder when 418 is divided by u?
58
Suppose -4*g + 4 + 86 = -2*w, -g + 20 = -3*w. What is the remainder when 390 is divided by g?
22
What is the remainder when 22*(2 - -48)/10 is divided by 16?
14
Let x(u) = 2*u**2 - 4*u + 19. Let v be 3*((-4)/(-3) + 5/(-15)). Calculate the remainder when 49 is divided by x(v).
24
Suppose 137 = 17*b - 220. Let p = -113 + 191. What is the remainder when p is divided by b?
15
Calculate the remainder when (-2)/((-3)/((-1068)/(-8))) is divided by 18.
17
Suppose 44 = 4*c + 2*f, -c + f + 7 = -1. What is the remainder when 21 is divided by c?
1
Let n(j) = -j**2 - 7*j - 3. Calculate the remainder when -6 - -2 - (-19 - 24) is divided by n(-5).
4
Let u(l) = -l**2 + 8*l. Suppose -22*k = -12*k - 40. What is the remainder when u(6) is divided by k?
0
Let c(s) = -3*s + 24. Calculate the remainder 